{"id":453,"date":"2015-08-14T14:27:50","date_gmt":"2015-08-14T14:27:50","guid":{"rendered":"http:\/\/brocanta.fr\/?page_id=453"},"modified":"2016-02-23T15:34:07","modified_gmt":"2016-02-23T15:34:07","slug":"mentions-legales","status":"publish","type":"page","link":"https:\/\/brocanta.fr\/?page_id=453","title":{"rendered":"Mentions L\u00e9gales"},"content":{"rendered":"<h5>D\u00e9nomination<\/h5>\n<p>Isabelle Vibert<\/p>\n<h5>Adresse du si\u00e8ge social<\/h5>\n<p>le grand chemin Br\u00e9ville-sur-Mer 50290<\/p>\n<p>isabellevibert777@gmail.com<br \/>\n02.33.50.35.05<\/p>\n<h5>Directeur de la publication<\/h5>\n<p>Isabelle Vibert<\/p>\n<p>Num\u00e9ro d&rsquo;inscription au registre du commerce et des soci\u00e9t\u00e9s ou au r\u00e9pertoire des m\u00e9tiers : RCS 351 455 324<\/p>\n<h4>\u00a0H\u00e9bergement du site<\/h4>\n<p>Nom : OVH<\/p>\n<p>Si\u00e8ge social : 2 rue Kellermann &#8211; 59100 Roubaix &#8211; France.<\/p>\n<p>T\u00e9l\u00e9phone :<\/p>\n<h4>Droits d&rsquo;Auteur &#8211; Copyright<\/h4>\n<p>L&rsquo;ensemble de ce site est r\u00e9gie par la l\u00e9gislation fran\u00e7aise et internationale sur le droit d&rsquo;auteur et de la propri\u00e9t\u00e9 intellectuelle. La reproduction de tout ou partie de ce site sur un support \u00e9lectronique, quel qu&rsquo;il soit est formellement interdite sauf autorisation \u00e9crite dudit propri\u00e9taire.<\/p>\n<h2>Informatique et Libert\u00e9s<\/h2>\n<p>Vous disposez d&rsquo;un droit d&rsquo;acc\u00e8s, de modification, rectification et\u00a0 suppression des donn\u00e9es vous concernant d&rsquo;apr\u00e8s loi \u00ab\u00a0Informatique et Libert\u00e9s\u00a0\u00bb du 6 janvier 1978.<\/p>\n<p>Pour toute demande, adressez-vous \u00e0 : isabellevibert777@gmail.com<br \/>\nSite propuls\u00e9 par WordPress.<\/p>\n","protected":false},"excerpt":{"rendered":"<p>D\u00e9nomination Isabelle Vibert Adresse du si\u00e8ge social le grand chemin Br\u00e9ville-sur-Mer 50290 isabellevibert777@gmail.com 02.33.50.35.05 Directeur de la publication Isabelle Vibert Num\u00e9ro d&rsquo;inscription au registre du commerce et des soci\u00e9t\u00e9s ou au r\u00e9pertoire des m\u00e9tiers : RCS 351 455 324 \u00a0H\u00e9bergement du site Nom : OVH Si\u00e8ge social : 2 rue Kellermann &#8211; 59100 Roubaix &#8211; &hellip; <a href=\"https:\/\/brocanta.fr\/?page_id=453\" class=\"more-link\">Continuer la lecture de <span class=\"screen-reader-text\">Mentions L\u00e9gales<\/span> <span class=\"meta-nav\">&rarr;<\/span><\/a><\/p>\n","protected":false},"author":1,"featured_media":0,"parent":0,"menu_order":0,"comment_status":"closed","ping_status":"closed","template":"","meta":{"footnotes":""},"class_list":["post-453","page","type-page","status-publish","hentry"],"_links":{"self":[{"href":"https:\/\/brocanta.fr\/index.php?rest_route=\/wp\/v2\/pages\/453","targetHints":{"allow":["GET"]}}],"collection":[{"href":"https:\/\/brocanta.fr\/index.php?rest_route=\/wp\/v2\/pages"}],"about":[{"href":"https:\/\/brocanta.fr\/index.php?rest_route=\/wp\/v2\/types\/page"}],"author":[{"embeddable":true,"href":"https:\/\/brocanta.fr\/index.php?rest_route=\/wp\/v2\/users\/1"}],"replies":[{"embeddable":true,"href":"https:\/\/brocanta.fr\/index.php?rest_route=%2Fwp%2Fv2%2Fcomments&post=453"}],"version-history":[{"count":9,"href":"https:\/\/brocanta.fr\/index.php?rest_route=\/wp\/v2\/pages\/453\/revisions"}],"predecessor-version":[{"id":962,"href":"https:\/\/brocanta.fr\/index.php?rest_route=\/wp\/v2\/pages\/453\/revisions\/962"}],"wp:attachment":[{"href":"https:\/\/brocanta.fr\/index.php?rest_route=%2Fwp%2Fv2%2Fmedia&parent=453"}],"curies":[{"name":"wp","href":"https:\/\/api.w.org\/{rel}","templated":true}]}}